{"id":31,"date":"2015-11-19T21:47:02","date_gmt":"2015-11-19T20:47:02","guid":{"rendered":"http:\/\/wp.hardtmeute.de\/?page_id=31"},"modified":"2019-01-24T15:24:39","modified_gmt":"2019-01-24T14:24:39","slug":"impressum","status":"publish","type":"page","link":"http:\/\/wp.hardtmeute.de\/?page_id=31","title":{"rendered":"Impressum"},"content":{"rendered":"<h3 class=\"widget-title\"><a href=\"http:\/\/wp.hardtmeute.de\/wp-content\/uploads\/2015\/11\/webkopf.gif\"><img loading=\"lazy\" decoding=\"async\" class=\"aligncenter wp-image-115 size-full\" src=\"http:\/\/wp.hardtmeute.de\/wp-content\/uploads\/2015\/11\/webkopf.gif\" alt=\"webkopf\" width=\"280\" height=\"220\" \/><\/a><\/h3>\n<p>\u00a0<\/p>\n<h2 style=\"padding-left: 60px;\">Hardt Meute &#8211; Badischer Schleppjagdverein e.V.<br \/>Vorsitzende:<br \/>Katja Grimm<br \/>Tel.: +49\u00a0172 72 74 371<br \/>vorsitzende(at)hardtmeute.de<\/h2>\n<div class=\"textwidget\" style=\"padding-left: 60px;\">\n<h2 style=\"padding-left: 60px;\"><em><strong>Postanschrift und Sitz des Vereins<\/strong><\/em><br \/>Gesch\u00e4ftsstelle des Badischen Schleppjagdvereins e.V.<br \/>c\/o Werner Hauck<br \/>Alte Friedrichstra\u00dfe 52<br \/>D-76149 Karlsruhe \/ Neureut<br \/>Tel.: +49 721-707306<br \/>office(at)hardtmeute.de<\/h2>\n<\/div>\n<hr \/>\n<p>\u00a0<\/p>\n<div id=\"dmaker_preview\" class=\"code\">\n<div id=\"dmaker_preview_disclaimer\">\n<h4>Disclaimer<\/h4>\n<p><strong>Haftung f\u00fcr Inhalte<\/strong><\/p>\n<p>Als Diensteanbieter sind wir gem\u00e4\u00df \u00a7 7 Abs.1 TMG f\u00fcr eigene Inhalte auf diesen Seiten nach den allgemeinen Gesetzen verantwortlich. Nach \u00a7\u00a7 8 bis 10 TMG sind wir als Diensteanbieter jedoch nicht verpflichtet, \u00fcbermittelte oder gespeicherte fremde Informationen zu \u00fcberwachen oder nach Umst\u00e4nden zu forschen, die auf eine rechtswidrige T\u00e4tigkeit hinweisen. Verpflichtungen zur Entfernung oder Sperrung der Nutzung von Informationen nach den allgemeinen Gesetzen bleiben hiervon unber\u00fchrt. Eine diesbez\u00fcgliche Haftung ist jedoch erst ab dem Zeitpunkt der Kenntnis einer konkreten Rechtsverletzung m\u00f6glich. Bei Bekanntwerden von entsprechenden Rechtsverletzungen werden wir diese Inhalte umgehend entfernen.<\/p>\n<p><strong>Haftung f\u00fcr Links<\/strong><\/p>\n<p>Unser Angebot enth\u00e4lt Links zu externen Webseiten Dritter, auf deren Inhalte wir keinen Einfluss haben. Deshalb k\u00f6nnen wir f\u00fcr diese fremden Inhalte auch keine Gew\u00e4hr \u00fcbernehmen. F\u00fcr die Inhalte der verlinkten Seiten ist stets der jeweilige Anbieter oder Betreiber der Seiten verantwortlich. Die verlinkten Seiten wurden zum Zeitpunkt der Verlinkung auf m\u00f6gliche Rechtsverst\u00f6\u00dfe \u00fcberpr\u00fcft. Rechtswidrige Inhalte waren zum Zeitpunkt der Verlinkung nicht erkennbar. Eine permanente inhaltliche Kontrolle der verlinkten Seiten ist jedoch ohne konkrete Anhaltspunkte einer Rechtsverletzung nicht zumutbar. Bei Bekanntwerden von Rechtsverletzungen werden wir derartige Links umgehend entfernen.<\/p>\n<p><strong>Urheberrecht<\/strong><\/p>\n<p>Die durch die Seitenbetreiber erstellten Inhalte und Werke auf diesen Seiten unterliegen dem deutschen Urheberrecht. Die Vervielf\u00e4ltigung, Bearbeitung, Verbreitung und jede Art der Verwertung au\u00dferhalb der Grenzen des Urheberrechtes bed\u00fcrfen der schriftlichen Zustimmung des jeweiligen Autors bzw. Erstellers. Downloads und Kopien dieser Seite sind nur f\u00fcr den privaten, nicht kommerziellen Gebrauch gestattet. Soweit die Inhalte auf dieser Seite nicht vom Betreiber erstellt wurden, werden die Urheberrechte Dritter beachtet. Insbesondere werden Inhalte Dritter als solche gekennzeichnet. Sollten Sie trotzdem auf eine Urheberrechtsverletzung aufmerksam werden, bitten wir um einen entsprechenden Hinweis. Bei Bekanntwerden von Rechtsverletzungen werden wir derartige Inhalte umgehend entfernen.<\/p>\n<p><i>Quellenangabe: <a href=\"http:\/\/www.e-recht24.de\/muster-disclaimer.html\" target=\"_blank\" rel=\"nofollow noopener\">eRecht24<\/a><\/i><\/p>\n<\/div>\n<\/div>\n<div id=\"dmaker_content\" class=\"clearfix\"><hr \/><\/div>\n\n\n<p class=\"has-large-font-size\"><strong><a href=\"http:\/\/wp.hardtmeute.de\/?page_id=2452\">Datenschutzerkl\u00e4rung&nbsp;(Link)<\/a><\/strong><\/p>\n","protected":false},"excerpt":{"rendered":"<p>\u00a0 Hardt Meute &#8211; Badischer Schleppjagdverein e.V.Vorsitzende:Katja GrimmTel.: +49\u00a0172 72 74 371vorsitzende(at)hardtmeute.de Postanschrift und Sitz des VereinsGesch\u00e4ftsstelle des Badischen Schleppjagdvereins e.V.c\/o Werner HauckAlte Friedrichstra\u00dfe 52D-76149 Karlsruhe \/ NeureutTel.: +49 721-707306office(at)hardtmeute.de \u00a0 Disclaimer Haftung f\u00fcr Inhalte Als Diensteanbieter sind wir gem\u00e4\u00df &hellip; <a href=\"http:\/\/wp.hardtmeute.de\/?page_id=31\">Weiterlesen <span class=\"meta-nav\">&rarr;<\/span><\/a><\/p>\n","protected":false},"author":1,"featured_media":104,"parent":0,"menu_order":4,"comment_status":"closed","ping_status":"closed","template":"","meta":{"footnotes":""},"class_list":["post-31","page","type-page","status-publish","has-post-thumbnail","hentry"],"_links":{"self":[{"href":"http:\/\/wp.hardtmeute.de\/index.php?rest_route=\/wp\/v2\/pages\/31","targetHints":{"allow":["GET"]}}],"collection":[{"href":"http:\/\/wp.hardtmeute.de\/index.php?rest_route=\/wp\/v2\/pages"}],"about":[{"href":"http:\/\/wp.hardtmeute.de\/index.php?rest_route=\/wp\/v2\/types\/page"}],"author":[{"embeddable":true,"href":"http:\/\/wp.hardtmeute.de\/index.php?rest_route=\/wp\/v2\/users\/1"}],"replies":[{"embeddable":true,"href":"http:\/\/wp.hardtmeute.de\/index.php?rest_route=%2Fwp%2Fv2%2Fcomments&post=31"}],"version-history":[{"count":11,"href":"http:\/\/wp.hardtmeute.de\/index.php?rest_route=\/wp\/v2\/pages\/31\/revisions"}],"predecessor-version":[{"id":2934,"href":"http:\/\/wp.hardtmeute.de\/index.php?rest_route=\/wp\/v2\/pages\/31\/revisions\/2934"}],"wp:featuredmedia":[{"embeddable":true,"href":"http:\/\/wp.hardtmeute.de\/index.php?rest_route=\/wp\/v2\/media\/104"}],"wp:attachment":[{"href":"http:\/\/wp.hardtmeute.de\/index.php?rest_route=%2Fwp%2Fv2%2Fmedia&parent=31"}],"curies":[{"name":"wp","href":"https:\/\/api.w.org\/{rel}","templated":true}]}}